t v(f) be the first derivative of f - f**2 + 2/3*f**3 - 87. Suppose -2*o = -o + 5*p + 27, 0 = -2*o + 4*p + 16. Calculate v(o).
13
Let n be 74 - (7 - 3 - 2). Let o = n + -59. Let f(p) = -o - 5*p + 10 + p**2 - 5*p**2 - p**3 - p**2. Determine f(-3).
-6
Let k(u) = -u**2 - 3*u + 7. Let x(j) = j + 2 - 4*j - j**3 + 2*j - j**2. Let s be x(0). Suppose -3*l - 2*i = 23, s*l + i + 23 = 9. Calculate k(l).
-3
Let m(n) = 5*n - 39. Suppose 4*v - 14*k + 16*k - 44 = 0, -4*v = -4*k - 32. Determine m(v).
11
Let i(f) = -45*f + 411. Let c = -8661 + 8670. Give i(c).
6
Let i(a) = -431 + 138 + 152 + 8*a + 181. What is i(-17)?
-96
Let a be (55 + -54)*(-61 - 0). Suppose 0 = -c - 2*o + 75, -4*c + o - 3*o = -270. Let w = a + c. Let y(t) = -t**3 + 5*t**2 - t - 4. Calculate y(w).
8
Let o(t) = -t**3 + 15*t**2 - 16*t + 24. Let k(s) = -7*s**2 - 85*s + 14. Let b be k(0). Give o(b).
-4
Let n = -516 + 506. Let i be -1 + n/(5 + -7) + 1. Let j(v) be the third derivative of v**6/120 - v**5/15 - v**4/6 + 2*v**3/3 - v**2. Determine j(i).
9
Let s(v) be the first derivative of -v**2/2 - 10*v - 3052. What is s(-13)?
3
Let m be ((-18)/(-10))/(-3 + (-411)/(-30) + -11). Let o(s) = -2*s + 25. Calculate o(m).
37
Suppose i = -3*c + 3, -3*c - 9 = -3*i + 8*i. Let b(w) = 5*w**2 + w**c - 5*w - 5*w**2 + 1. Suppose -8*h + 5*h = -6. Give b(h).
-5
Let x(f) = 2 - 4*f + 0 - 1 + 1. Let u(j) = j + 2. Let s be u(-3). Let w = 4 + s. Calculate x(w).
-10
Let c(i) = i**2 - i + 1. Let s(x) = 2*x**2 - 11*x - 5. Let p(m) = -c(m) + s(m). Suppose -4*f = -4*q + 28, -25*q + 21*q = -f - 34. Calculate p(q).
-15
Let m(k) be the second derivative of -3/2*k**2 + 1/6*k**4 + 0 - 2/3*k**3 + 1/20*k**5 - 14*k. Let u = -29 + 26. What is m(u)?
0
Suppose 2*r - 2 = -0*r. Let n be 1/(r - 0)*5. Let z(q) = 1029*q + 993*q + 1019*q + 7 - 3043*q. Determine z(n).
-3
Let d(a) = -a**2 + 15*a + 21. Let j = 674 - 579. Suppose -12*v + j = 5*z - 7*v, -5*z + 74 = -2*v. Calculate d(z).
5
Let v(d) = -6*d**2 + 13 + 17 - 5822*d - 22*d**2 - d**3 - d**2 + 5823*d. Give v(-29).
1
Let z(b) = -b**2 - 7*b - 28. Let m(t) = 653*t - 1312. Let a be m(2). Determine z(a).
-22
Suppose 24 - 10 = -2*g. Let b(r) = 6*r + 7. Let c(l) = -11*l - 16. Let x(j) = g*b(j) - 3*c(j). Calculate x(1).
-10
Let s(o) be the first derivative of 4/3*o**3 + 1/2*o**4 + 165 + 1/2*o**2 + 4*o. What is s(-3)?
-17
Let o(a) = 5*a**2 + 7*a - 2. Let c(j) = -3*j**2 - 4*j + 1. Let w(l) = -7*c(l) - 4*o(l). Let v(p) = 73*p - 222. Let i be v(3). What is w(i)?
10
Let d(f) be the first derivative of f**3/3 - 11*f**2/2 - 12*f + 100. What is d(16)?
68
Suppose -86*n + 90*n = -4*y + 60, 5*y - n = 117. Let f(j) = -j**3 + 22*j**2 + j - 34. What is f(y)?
-12
Let k(r) = -6*r - 17. Let o be -2 - 5/(-20) - (24/(-32))/(-3). What is k(o)?
-5
Let n(i) = i**2 + 2*i + 60. Let w = -327 + 327. What is n(w)?
60
Let x(s) = s**2 + s + 7. Let o(i) = -4*i**2 - 13*i - 33. Let w(k) = o(k) + 5*x(k). What is w(8)?
2
Let w(z) = 2*z + 7. Suppose 22*y - 20*y + 3*s = 1, -22 = 4*y - 2*s. Determine w(y).
-1
Let w = 30812 + -4403. Let i(t) = w*t**2 + 2 + t + t + 5*t**3 - 26408*t**2. What is i(-2)?
-38
Let x be -95*2/(5 - -5). Let q(f) = 4*f + 36. What is q(x)?
-40
Let h(x) be the second derivative of x**4/12 + x**3 - 47*x**2 - 8*x + 281. Calculate h(-12).
-22
Suppose -5*b = 36 + 9. Let x(i) be the first derivative of -i**4/4 - 10*i**3/3 - 11*i**2/2 - 6*i - 410. What is x(b)?
12
Let v(q) = 55*q - 47. Let k = -23849 - -23850. Determine v(k).
8
Let v = 114 - 108. Let t be -1 + (v/(-1))/(-10 + 8). Let w(f) = -3*f**3 + f**2 + f + 2. Give w(t).
-16
Let w(z) = -27*z + 10. Let x(t) = 67*t - 22. Let n(d) = -5*w(d) - 2*x(d). Give n(11).
5
Suppose -4*z - 32 = 4*h, z - 19*h = -21*h - 9. Let y(a) be the second derivative of a**5/20 + 7*a**4/12 + a**3/6 + 5*a**2 + 4*a. Give y(z).
3
Let p(o) = -2*o**2 + 6*o - 2. Let a be 0/(3/(-3) + 0). Suppose a = 7*k - 9*k - 8. Let i be 4 - (k - (-1 - 3)). Determine p(i).
-10
Suppose 140*g - 2302 = -482. Let z(w) = w**2 - 15*w + 30. Determine z(g).
4
Suppose 56 = -32*k + 39*k. Let q(v) = -v + 23. Give q(k).
15
Let s(r) = -5*r**2 + 3*r + 13. Let u(c) = -c**2 + 1. Let y(v) = s(v) - 6*u(v). Give y(6).
61
Let z be 69/92*(-40)/(-36). Let c(y) be the third derivative of 15*y**2 - 1/60*y**5 + 0*y + 7/24*y**4 + 0 - z*y**3. What is c(7)?
-5
Let w(r) = 76*r - 82. Let n be w(1). Let b(x) = 4*x - 4. Let y(d) = d. Let z(f) = -b(f) + 5*y(f). Give z(n).
-2
Let u(r) = -139*r + 3*r**2 - 19 - 131*r + 267*r. What is u(-3)?
17
Let d(t) = -3*t**2 + 72*t - 170. Let n(z) = -3*z**2 + 76*z - 175. Let c(x) = -9*d(x) + 8*n(x). Give c(8).
2
Let q(c) = -107*c - 25 - 105*c - 104*c + 310*c. Determine q(-14).
59
Let m(s) = -s**3 - s + 7. Let r be 385/175 + (-66)/30. What is m(r)?
7
Let k = -302 - -5345. Let v(h) = k - 2*h - 5050 + 0*h. Let y(x) = x**3 - 3*x**2 - 5. Let m be y(3). Determine v(m).
3
Suppose -2*d + 4 = 12. Let x(u) be the second derivative of u**5/20 + u**4/3 - u**3/3 + u**2 + 3122*u + 2. Calculate x(d).
10
Let h(p) = -p**2 - p + 75. Let b be h(8). Let a(l) = 2*l**3 - 4*l**2 + 9. Calculate a(b).
27
Let t(q) = 2*q**2. Let r(n) = 9*n - 62. Let m be r(7). Let k = 1 - m. Let f be t(k). Let j(x) = -x + 5. What is j(f)?
5
Suppose 18649*j + 112 = 18663*j. Let o(y) = 9*y - 34. Determine o(j).
38
Let l(g) = g + 6. Let w be l(-9). Let m(y) = y**3 + 200262 - 2*y**3 - 3*y**2 - y - 200264 - y. What is m(w)?
4
Let t = 6 + -4. Suppose x + x - t = 0. Let o(l) = -16*l - 48*l - 25*l + 115*l - 32*l. Calculate o(x).
-6
Let i(h) = h**3 + 3*h**2 - 18*h - 3. Suppose -446 + 122 = 54*y. Determine i(y).
-3
Let u(f) = f**2 - 63*f + 743. Let d be u(47). Let w(t) = t**2 + 17*t + 76. Determine w(d).
4
Let r(i) be the second derivative of i**4/12 + i**3/3 + 3*i**2 + 7*i - 86. Suppose -1 = 2*s - 11. Suppose -2*d - s = -d. What is r(d)?
21
Suppose 26 = 3*z - 5*h - 7, 3*z - 2*h = 24. Let b(w) = -w**2 + 3*w + 2. Give b(z).
-16
Let p(x) be the third derivative of -x**6/120 + x**5/20 + 7*x**4/12 - 5*x**3/3 - x**2 + 51. What is p(5)?
10
Let z(c) = c - 1. Let o(g) = g**2 + 4*g - 3 + 3 - 3*g. Let f be o(4). Let y = -17 + f. Determine z(y).
2
Suppose 17*w + 13*w - 152 = 238. Let h(g) be the second derivative of w*g + 0 - 1/6*g**3 - 2*g**2. Determine h(-6).
2
Let f(v) be the first derivative of 11*v**2/2 + 93*v + 47. Let r be f(-9). Let d(h) = -h**3 - 4*h**2 + 13*h + 7. What is d(r)?
1
Let i(j) = -2*j**3 - 24*j**2 + 20*j + 11. Let h be (-1496)/255 + -1 + (-39)/(-45) - 7. What is i(h)?
89
Let s(z) = 3*z**3 + 8*z**2 - 39*z - 92. Let p(r) = r**3 + 3*r**2 - 13*r - 35. Let v(g) = -8*p(g) + 3*s(g). Calculate v(0).
4
Let w(s) = -11*s**3 - 5*s**2 + 19*s - 1. Let h(b) = 9*b**3 + 3*b**2 - 15*b + 1. Let x(z) = -4*h(z) - 3*w(z). Calculate x(3).
-46
Suppose 15*t - 37*a - 210 = -32*a, 0 = -3*t + 4*a + 60. Let w(b) = -b**2 + 5*b + 61. Give w(t).
-23
Let c(l) be the first derivative of -l**4/12 - 13*l**3/6 + l**2 + 222*l + 105. Let k(g) be the first derivative of c(g). Give k(-13).
2
Let l(h) = h**3 + 12*h**2 - 6*h. Let u(r) = -4*r**3 - 50*r**2 + 28*r + 1. Let v(t) = 9*l(t) + 2*u(t). Determine v(-7).
37
Suppose -5*l + 7*j = 2*j - 355, -5*l = j - 361. Let i = l - 68. Let x be (-7 - -3) + (2 - i). Let c(d) = -2*d - 9. Determine c(x).
3
Let x(u) be the second derivative of -1/20*u**5 - 1/2*u**3 + 2*u**2 - 6 - 3*u + 1/3*u**4. Calculate x(4).
-8
Let x(f) = -f**2 + 7*f + 4. Suppose 2*a + 10 - 28 = -2*k, -4*a = -3*k + 6. Suppose -392 = -55*u + k*u. What is x(u)?
-4
Let v(d) = 3*d**3 - d**2 + d - 1. Let a(n) = 7*n**3 - 7*n**2 + 2*n + 5. Let c(z) = a(z) - 2*v(z). Let r be (0 - (-20)/(-5)) + 9. What is c(r)?
7
Let z(d) = d**3 + 6*d**2 - d - 11. Let n(x) = -92*x + 2202. Let p be n(24). Calculate z(p).
-5
Let x(y) be the second derivative of y**5/20 - y**4 + 2*y**3 - y**2 - 74*y + 8. What is x(11)?
9
Let n(t) = -t - 1. Suppose 109 = -3*x + 4*k, -3*x + 0*k - 102 = 3*k. Let a = 39 + x. Suppose 2*o - 16 = a*o. What is n(o)?
7
Let l be 1/(-2)*(9 + 1). Let j(o) = o + 3. Let k be -8*(-6)/48*-4. Let i(t) = 2*t + 3. Let v(n) = k*j(n) + 3*i(n). Give v(l).
-13
Let u(j) = -j**2 + 2*j + 99. Let s = -13370 + 13359. Give u(s).
-44
Let u(d) be the second derivative of 1/12*d**4 + 0 - 147*d + 5/6*d**3 - 5/2*d**2. Determine u(-7).
9
Let f be (-2)/((-1)/(-4 + 1)). Let i(v) = -3*v - 4. Let y(w) = 105 + 4*w + 91